ivided by 1126933?
30
What is the remainder when 16967355 is divided by 3462?
93
What is the remainder when 173895410 is divided by 6326?
6322
What is the remainder when 24270 is divided by 11219?
1832
What is the remainder when 1336 is divided by 28?
20
Calculate the remainder when 5131994 is divided by 250.
244
Calculate the remainder when 528489 is divided by 11879.
5813
Calculate the remainder when 201413 is divided by 406.
37
Calculate the remainder when 84520 is divided by 200.
120
What is the remainder when 170829389 is divided by 4013?
4005
What is the remainder when 41469 is divided by 2311?
2182
Calculate the remainder when 271574676 is divided by 40.
36
Calculate the remainder when 5369517 is divided by 1073902.
7
Calculate the remainder when 579266 is divided by 14480.
66
Calculate the remainder when 71709302 is divided by 1379025.
2
What is the remainder when 295126 is divided by 15531?
37
Calculate the remainder when 23418 is divided by 4650.
168
Calculate the remainder when 199646 is divided by 294.
20
What is the remainder when 8578469 is divided by 43?
12
Calculate the remainder when 47198903 is divided by 1555.
1543
Calculate the remainder when 649761 is divided by 322.
287
Calculate the remainder when 16558339 is divided by 2108.
2107
Calculate the remainder when 757677 is divided by 63139.
9
What is the remainder when 33026 is divided by 361?
175
What is the remainder when 1037453 is divided by 60992?
589
Calculate the remainder when 61547835 is divided by 131232.
27
Calculate the remainder when 7585 is divided by 6132.
1453
What is the remainder when 1752723 is divided by 79515?
3393
Calculate the remainder when 4924105 is divided by 1637.
9
Calculate the remainder when 4707032 is divided by 787.
772
What is the remainder when 284845 is divided by 284844?
1
What is the remainder when 2412782 is divided by 109671?
20
Calculate the remainder when 13657584 is divided by 813.
810
What is the remainder when 7588685 is divided by 280?
125
Calculate the remainder when 930910 is divided by 3145.
3135
What is the remainder when 8036051 is divided by 9848?
83
What is the remainder when 140833 is divided by 37?
11
Calculate the remainder when 75015 is divided by 210.
45
Calculate the remainder when 145799 is divided by 10.
9
Calculate the remainder when 660373 is divided by 11181.
694
What is the remainder when 34876165 is divided by 11?
5
Calculate the remainder when 153396 is divided by 49145.
5961
What is the remainder when 298888 is divided by 12994?
26
Calculate the remainder when 1618596 is divided by 1341.
9
What is the remainder when 6112393 is divided by 8?
1
What is the remainder when 160818702 is divided by 3160?
3142
Calculate the remainder when 267308 is divided by 12600.
2708
Calculate the remainder when 20706 is divided by 10314.
78
What is the remainder when 7490896 is divided by 3745314?
268
Calculate the remainder when 1267290 is divided by 29447.
1069
Calculate the remainder when 467875 is divided by 1636.
1615
Calculate the remainder when 1119614 is divided by 784.
62
What is the remainder when 69090 is divided by 2786?
2226
What is the remainder when 1485346226 is divided by 1641?
1640
Calculate the remainder when 549479 is divided by 273.
203
Calculate the remainder when 7662560 is divided by 468.
464
What is the remainder when 1533627 is divided by 992?
987
Calculate the remainder when 1566152 is divided by 522040.
32
Calculate the remainder when 161074 is divided by 20029.
842
What is the remainder when 167767 is divided by 27939?
133
What is the remainder when 333323 is divided by 33106?
2263
Calculate the remainder when 1702126 is divided by 425516.
62
Calculate the remainder when 19837558 is divided by 6612515.
13
Calculate the remainder when 1118729 is divided by 874.
9
Calculate the remainder when 14809904 is divided by 242.
230
What is the remainder when 6474419 is divided by 249011?
133
What is the remainder when 6153127 is divided by 615312?
7
Calculate the remainder when 193790 is divided by 7747.
115
What is the remainder when 25295 is divided by 2446?
835
Calculate the remainder when 27817 is divided by 1837.
262
What is the remainder when 20088830 is divided by 8?
6
What is the remainder when 354155553 is divided by 4?
1
Calculate the remainder when 51289077 is divided by 2849393.
3
What is the remainder when 72070 is divided by 4915?
3260
Calculate the remainder when 51169 is divided by 3654.
13
What is the remainder when 17701628 is divided by 211?
205
Calculate the remainder when 357367 is divided by 178632.
103
What is the remainder when 6943457 is divided by 18?
11
What is the remainder when 40086992 is divided by 4?
0
What is the remainder when 86734 is divided by 487?
48
Calculate the remainder when 29578792 is divided by 19.
10
What is the remainder when 2400676 is divided by 315?
61
What is the remainder when 455350 is divided by 131?
125
Calculate the remainder when 12995391 is divided by 55.
46
What is the remainder when 13232245 is divided by 31?
19
Calculate the remainder when 574595 is divided by 6333.
4625
What is the remainder when 2979725 is divided by 262?
261
What is the remainder when 132572 is divided by 21527?
3410
What is the remainder when 39194 is divided by 5137?
3235
What is the remainder when 4250634 is divided by 15?
9
What is the remainder when 282916 is divided by 35089?
2204
What is the remainder when 31022 is divided by 1525?
522
Calculate the remainder when 73255686 is divided by 13.
10
What is the remainder when 596572415 is divided by 384?
383
Calculate the remainder when 6487122 is divided by 2537.
13
What is the remainder when 1112242 is divided by 32?
18
Calculate the remainder when 267008 is divided by 33359.
136
What is the remainder when 545962 is divided by 11867?
80
Calculate the remainder when 52409299 is divided by 52409274.
25
What is the remainder when 295214 is divided by 132?
62
What is the remainder when 282859 is divided by 10535?
8949
Calculate the remainder when 43067408 is divided by 1010.
1008
What is the remainder when 2816774 is divided by 585?
584
What is the remainder when 4000417 is divided by 4000085?
332
What is the remainder when 12759 is divided by 5398?
1963
What is the remainder when 279508 is divided by 643?
446
What is the remainder when 17927 is divided by 941?
48
What is the remainder when 678760 is divided by 61691?
159
What is the remainder when 10922508 is divided by 51279?
81
What is the remainder when 43335 is divided by 380?
15
What is the remainder when 4544174 is divided by 1514706?
56
What is the remainder when 20343793 is divided by 813751?
18
What is the remainder when 407567859 is divided by 9?
6
What is the remainder when 658290 is divided by 918?
84
Calculate the remainder when 193366 is divided by 2129.
1756
What is the remainder when 39220430 is divided by 68?
2
Calculate the remainder when 8066974 is divided by 3205.
3194
Calculate the remainder when 233581699 is divided by 1251.
1234
What is the remainder when 128958 is divided by 128532?
426
Calculate the remainder when 693574 is divided by 1409.
346
Calculate the remainder when 42652998 is divided by 100.
98
What is the remainder when 1631753 is divided by 6374?
9
What is the remainder when 179742 is divided by 229?
206
What is the remainder when 6691331 is divided by 196802?
63
Calculate the remainder when 1068211 is divided by 178033.
13
What is the remainder when 148492513 is divided by 220?
213
What is the remainder when 8179104 is divided by 24?
0
Calculate the remainder when 80115438 is divided by 368.
366
Calculate the remainder when 822687 is divided by 98.
75
What is the remainder when 2514062 is divided by 419007?
20
What is the remainder when 905666 is divided by 41163?
80
Calculate the remainder when 2256268 is divided by 205.
38
Calculate the remainder when 6103430 is divided by 612.
566
What is the remainder when 7512975 is divided by 268320?
15
Calculate the remainder when 30809157 is divided by 1620.
1617
Calculate the remainder when 4857639 is divided by 969.
42
What is the remainder when 388446 is divided by 192635?
3176
What is the remainder when 9246649 is divided by 1849328?
9
Calculate the remainder when 11056 is divided by 6969.
40